{"id":431,"date":"2022-11-29T23:50:27","date_gmt":"2022-11-29T23:50:27","guid":{"rendered":"https:\/\/bombamarile.com\/?page_id=431"},"modified":"2025-07-03T21:52:45","modified_gmt":"2025-07-03T21:52:45","slug":"board-of-directors","status":"publish","type":"page","link":"https:\/\/bombamarile.com\/index.php\/board-of-directors\/","title":{"rendered":"Board of Directors"},"content":{"rendered":"\n<h2 class=\"wp-block-heading\">Executive Director<\/h2>\n\n\n\n<div class=\"wp-block-media-text alignwide is-stacked-on-mobile is-image-fill-element\"><figure class=\"wp-block-media-text__media\"><img loading=\"lazy\" decoding=\"async\" width=\"300\" height=\"273\" src=\"https:\/\/bombamarile.com\/wp-content\/uploads\/2019\/08\/miriam-300x273.jpeg\" alt=\"\" class=\"wp-image-44 size-medium\" style=\"object-position:46% 19%\" srcset=\"https:\/\/bombamarile.com\/wp-content\/uploads\/2019\/08\/miriam-300x273.jpeg 300w, https:\/\/bombamarile.com\/wp-content\/uploads\/2019\/08\/miriam-768x698.jpeg 768w, https:\/\/bombamarile.com\/wp-content\/uploads\/2019\/08\/miriam.jpeg 1024w\" sizes=\"auto, (max-width: 300px) 100vw, 300px\" \/><\/figure><div class=\"wp-block-media-text__content\">\n<h2 class=\"wp-block-heading\"><strong>Miriam Padilla Vargas<\/strong><\/h2>\n\n\n\n<p>Born in Rio Piedras, Puerto Rico, she is one of the founding members of Bomba Maril\u00e9. She appreciates learning from different cultures, and has&nbsp; performed many styles of dance ranging from salsa, bachata, polynesian, bollywood, ballroom, and more. Miriam has always sought ways to be involved in the community, including being on the Board of Directors of KRCL, PANDOS, Latino Diabetes Association, and others in the past. When Miriam is not practicing bomba, she works as an Endocrinologist focusing on diabetes and obesity. Miriam is grateful to the Maril\u00e9 family for creating the space that connects us to our roots and ancestors.<\/p>\n<\/div><\/div>\n\n\n\n<h2 class=\"wp-block-heading\">Board of Directors<\/h2>\n\n\n\n<div class=\"wp-block-media-text alignwide is-stacked-on-mobile is-image-fill-element\"><figure class=\"wp-block-media-text__media\"><img loading=\"lazy\" decoding=\"async\" width=\"742\" height=\"986\" src=\"https:\/\/bombamarile.com\/wp-content\/uploads\/2023\/01\/image-1.png\" alt=\"\" class=\"wp-image-445 size-full\" style=\"object-position:45% 36%\" srcset=\"https:\/\/bombamarile.com\/wp-content\/uploads\/2023\/01\/image-1.png 742w, https:\/\/bombamarile.com\/wp-content\/uploads\/2023\/01\/image-1-226x300.png 226w\" sizes=\"auto, (max-width: 706px) 89vw, (max-width: 767px) 82vw, 740px\" \/><\/figure><div class=\"wp-block-media-text__content\">\n<h2 class=\"wp-block-heading has-medium-font-size\"><strong>Isaias Alavez Martinez<\/strong><\/h2>\n\n\n\n<p>Isaias is one of the co-founders of Bomba Maril\u00e9. He enjoys learning music and dance from&nbsp; different cultures. He has traveled to Puerto Rico as well as Cuba to study drumming and&nbsp; dancing. Isaias has also been a salsa dancer in different dance groups. Having a space for a&nbsp; community to share their music, dancing and singing is very important to him. It helps to&nbsp; preserve our cultures for future generations. Isaias is very excited for this opportunity to work&nbsp; with a great group of culture lovers in Bomba Maril\u00e9 to serve and help to grow the Bomba&nbsp; community.<\/p>\n<\/div><\/div>\n\n\n\n<div class=\"wp-block-media-text alignwide is-stacked-on-mobile is-image-fill-element\"><figure class=\"wp-block-media-text__media\"><img loading=\"lazy\" decoding=\"async\" width=\"768\" height=\"1024\" src=\"https:\/\/bombamarile.com\/wp-content\/uploads\/2022\/11\/IMG_7449-768x1024.jpg\" alt=\"\" class=\"wp-image-432 size-full\" style=\"object-position:48% 48%\" srcset=\"https:\/\/bombamarile.com\/wp-content\/uploads\/2022\/11\/IMG_7449-768x1024.jpg 768w, https:\/\/bombamarile.com\/wp-content\/uploads\/2022\/11\/IMG_7449-225x300.jpg 225w, https:\/\/bombamarile.com\/wp-content\/uploads\/2022\/11\/IMG_7449-1152x1536.jpg 1152w, https:\/\/bombamarile.com\/wp-content\/uploads\/2022\/11\/IMG_7449.jpg 1536w\" sizes=\"auto, (max-width: 767px) 89vw, (max-width: 1000px) 54vw, (max-width: 1071px) 543px, 580px\" \/><\/figure><div class=\"wp-block-media-text__content\">\n<h2 class=\"wp-block-heading\"><strong>Rafael Maya<\/strong><\/h2>\n\n\n\n<p>I am an artist from the Caribbean who has dedicated most of my life to learning and sharing culture with the world.&nbsp; I go by different names at different moments but most know me as Rafael Maya.&nbsp; Father, Son, Family, Friend, Omo Awo, Musician, Composer, Producer, Choreographer, Dancer, Visual Artist.&nbsp; I am honored to be the Director of the Puerto Rican Bomba group, Desde Cero.&nbsp; I also participate in other groups that play genres spanning from Afro Caribbean music to Jazz to Hip-hop to Futurism.&nbsp; Recently I have been exploring electronic music and have been creating with artists from around the globe.&nbsp; This has pushed me to record my own solo album.&nbsp; I will be releasing its first single in the upcoming months.&nbsp; This opened a door to an amazing opportunity to start a project with musicians in Cuba. We are combining sampled sounds with ancient rhythms and modern structures.&nbsp; I am also in the beginning stages of recording Desde Cero\u2019s 2nd production.&nbsp; I find myself immersed in various hip-hop ventures, futuristic madness, and a few other surprises.&nbsp; I have been exploring expression through visual art as well.&nbsp; I realized that one can say a lot with a wood carving, a photograph, a painting, etc.&nbsp; This has been a great way to expand.<\/p>\n<\/div><\/div>\n\n\n\n<div class=\"wp-block-media-text alignwide is-stacked-on-mobile is-image-fill-element\"><figure class=\"wp-block-media-text__media\"><img loading=\"lazy\" decoding=\"async\" width=\"384\" height=\"512\" src=\"https:\/\/bombamarile.com\/wp-content\/uploads\/2022\/12\/unnamed.jpg\" alt=\"\" class=\"wp-image-439 size-full\" style=\"object-position:40% 34%\" srcset=\"https:\/\/bombamarile.com\/wp-content\/uploads\/2022\/12\/unnamed.jpg 384w, https:\/\/bombamarile.com\/wp-content\/uploads\/2022\/12\/unnamed-225x300.jpg 225w\" sizes=\"auto, (max-width: 384px) 100vw, 384px\" \/><\/figure><div class=\"wp-block-media-text__content\">\n<h2 class=\"wp-block-heading\"><strong>Nicole Wines<\/strong><\/h2>\n\n\n\n<p>Nicole Wines is a co-founder of Ra\u00edces Cultural Center in Central New Jersey, where she has been a core arts and humanities team member since 2008. At Ra\u00edces, Nicole&#8217;s roles as program coordinator, digital archive curator, and Ra\u00edces Folkloric Ensemble member, choreographer and teaching artist have centered around the organization&#8217;s mission of preserving cultural roots through the arts, history and ecology. She is a drummer, bassist, and dancer and has been learning, documenting, performing and sharing the cultural arts, dance and music of the Caribbean since she formally began her studies in 2005. She is proud to serve as a board member at Bomba Maril\u00e9 and hopes her experience as a performing and teaching artist, community historian and arts organization administrator will help to strengthen its mission and programs.<\/p>\n<\/div><\/div>\n\n\n\n<div class=\"wp-block-media-text alignwide is-stacked-on-mobile is-image-fill-element\"><figure class=\"wp-block-media-text__media\"><img loading=\"lazy\" decoding=\"async\" width=\"674\" height=\"871\" src=\"https:\/\/bombamarile.com\/wp-content\/uploads\/2024\/05\/jeanitza-1.jpeg\" alt=\"\" class=\"wp-image-541 size-full\" style=\"object-position:56% 27%\" srcset=\"https:\/\/bombamarile.com\/wp-content\/uploads\/2024\/05\/jeanitza-1.jpeg 674w, https:\/\/bombamarile.com\/wp-content\/uploads\/2024\/05\/jeanitza-1-232x300.jpeg 232w\" sizes=\"auto, (max-width: 674px) 100vw, 674px\" \/><\/figure><div class=\"wp-block-media-text__content\">\n<h2 class=\"wp-block-heading\"><strong>Jeanitza Avil\u00e9s Calder\u00f3n<\/strong><\/h2>\n\n\n\n<p>Maestr\u00eda en Educaci\u00f3n de las Bellas Artes con Especialidad en Danza.<\/p>\n\n\n\n<p>28 a\u00f1os de servicio en el Departamento de Educaci\u00f3n, con experiencia en los niveles elemental, intermedio y superior, adem\u00e1s de escuelas especializadas<\/p>\n\n\n\n<p>Comenc\u00e9 a los 8 a\u00f1os de edad a bailar los 2 g\u00e9neros de m\u00fasica afropuertorrique\u00f1a: bomba y plena, con Modesto Cepeda. Luego de muchos a\u00f1os con ellos, pas\u00e9 al grupo Ag\u00fceyban\u00e1, luego a Paracumbe, y despu\u00e9s he colaborado con otros grupos, como Tamboricua, Hermanos Cepeda, Restauraci\u00f3n Cultural, Bomba Evoluci\u00f3n, Proyecto AfroLegado, Tambuy\u00e9, Desde Cero, Hijos de Ag\u00fceyban\u00e1, Tacuafan, Tamborama.<\/p>\n\n\n\n<p>Mi inter\u00e9s y pasi\u00f3n por la danza me llevaron tambi\u00e9n a ser integrante por muchos a\u00f1os en el grupo Batucada Baob\u00e1, donde hac\u00edamos presentaciones de samba, batucada y afro brasile\u00f1o. En el mismo g\u00e9nero brasile\u00f1o, tambi\u00e9n he colaborado con Debora Brum.<\/p>\n\n\n\n<p>A trav\u00e9s de mi vida como bailarina tambi\u00e9n he llevado mi arte a lugares fuera de Puerto Rico, como: Saint Thomas, Grenada, Rep\u00fablica Dominicana, Venezuela, M\u00e9xico DF, Veracruz, Italia, Francia, Orlando, Minnesota, Chicago, New York, Seattle.<\/p>\n<\/div><\/div>\n\n\n\n<p><\/p>\n","protected":false},"excerpt":{"rendered":"<p>Executive Director Miriam Padilla Vargas Born in Rio Piedras, Puerto Rico, she is one of the founding members of Bomba Maril\u00e9. She appreciates learning from different cultures, and has&nbsp; performed many styles of dance ranging from salsa, bachata, polynesian, bollywood, ballroom, and more. Miriam has always sought ways to be involved in the community, including &hellip; <\/p>\n<p class=\"link-more\"><a href=\"https:\/\/bombamarile.com\/index.php\/board-of-directors\/\" class=\"more-link\">Continue reading<span class=\"screen-reader-text\"> &#8220;Board of Directors&#8221;<\/span><\/a><\/p>\n","protected":false},"author":1,"featured_media":0,"parent":0,"menu_order":0,"comment_status":"closed","ping_status":"closed","template":"","meta":{"footnotes":""},"class_list":["post-431","page","type-page","status-publish","hentry"],"_links":{"self":[{"href":"https:\/\/bombamarile.com\/index.php\/wp-json\/wp\/v2\/pages\/431","targetHints":{"allow":["GET"]}}],"collection":[{"href":"https:\/\/bombamarile.com\/index.php\/wp-json\/wp\/v2\/pages"}],"about":[{"href":"https:\/\/bombamarile.com\/index.php\/wp-json\/wp\/v2\/types\/page"}],"author":[{"embeddable":true,"href":"https:\/\/bombamarile.com\/index.php\/wp-json\/wp\/v2\/users\/1"}],"replies":[{"embeddable":true,"href":"https:\/\/bombamarile.com\/index.php\/wp-json\/wp\/v2\/comments?post=431"}],"version-history":[{"count":11,"href":"https:\/\/bombamarile.com\/index.php\/wp-json\/wp\/v2\/pages\/431\/revisions"}],"predecessor-version":[{"id":594,"href":"https:\/\/bombamarile.com\/index.php\/wp-json\/wp\/v2\/pages\/431\/revisions\/594"}],"wp:attachment":[{"href":"https:\/\/bombamarile.com\/index.php\/wp-json\/wp\/v2\/media?parent=431"}],"curies":[{"name":"wp","href":"https:\/\/api.w.org\/{rel}","templated":true}]}}